 214 - p. Calculate y(d).
5
Let z(o) = 1. Let k(w) = -w + 3. Let h(n) = k(n) - 3*z(n). Suppose 2*b + 0*b = 8, -3*b = 4*y + 172. Let l be (-2 - (-24)/14)/(y/161). Give h(l).
-1
Let u(t) = 19*t - 23. Let z(i) = -21*i + 27. Let k be (-9)/15 + (-448)/(-80). Let y(l) = k*u(l) + 4*z(l). Determine y(1).
4
Let t(z) = z**2 + z - 1. Let u = 276 - 274. Suppose -n - 5*y = 0, -u*n + y = -0*y. Give t(n).
-1
Let c(w) be the first derivative of 3*w**2/2 - 25*w - 741. Give c(9).
2
Let f(v) = 6*v + 2. Let g = -3437 - -3438. Determine f(g).
8
Let v(f) = f**2 + 7*f + 11. Suppose -4*j + 26*m = 22*m + 40, 3*j + 36 = 5*m. Give v(j).
11
Let c(v) = -v**3 - 12*v**2 - 11*v + 3. Suppose 2*t + 28 = 2*p + 3*t, -6 = 3*t. Suppose g = 4 - p. Determine c(g).
3
Let r = -2308 + 2311. Let t(b) = 5*b**2 - 10. Let x(m) = 4*m**2 + m - 9. Let q(y) = -5*t(y) + 6*x(y). Calculate q(r).
5
Let p(n) = -3130 + 6253 + 10*n**2 - 16*n - 3068 - 14*n**2. What is p(-6)?
7
Let u be ((-22)/209)/1 + (-878)/(-38). Suppose -25 = u*s - 2. Let r(p) be the third derivative of -p**4/8 - p**3/6 + p**2. What is r(s)?
2
Let f(b) = -b + 8. Let i(w) = -3*w - 3. Let p(u) = 2*u + 3. Let l(k) = 3*i(k) + 4*p(k). Let j be l(-7). What is f(j)?
-2
Let f be (90/(-50))/(3/(-10)). Let x be ((-2)/4)/(f/24). Let r be (-5 - x)*(-1)/3. Let u(l) = l**2 - 2*l + 1. Determine u(r).
0
Let i = 45 - 22. Let o = 21 - i. Let u be (3 - o)/(-1 + 0 + 0). Let k(n) = -n - 2. What is k(u)?
3
Suppose -3*l + 5*a = -4, 5*a + 6 = 2*l - 0*l. Let u(v) = 1 + 49*v + 6 - 45*v - 2. What is u(l)?
-3
Let m(h) = 0*h**2 + 3 - 2 + 2*h**2 - 12*h**2. Suppose -2*v - x = -4*v + 22, -3*v + 5*x = -40. Let p = 9 - v. Calculate m(p).
-9
Let d(p) = -124 - 2*p + 7*p**3 + 0*p**2 + 2*p**2 + 125 + 16*p**3. Calculate d(1).
24
Let f(p) = -4*p - 8. Let y(t) = -2*t - 7. Let h(k) = 6*f(k) - 7*y(k). Let a(x) = 5*x. Let o(z) = -9*a(z) - 4*h(z). Determine o(3).
-19
Let f(w) = -7*w + 11. Let p(c) = 2*c**3 - 14*c**2 - c + 9. Let t be p(7). Suppose t*m = -5*d + 53, 4*d + m + 21 - 61 = 0. What is f(d)?
-52
Let y(k) = -2*k**2 + 18*k - 4. Let g(q) = 5*q**2 + 41*q - 27. Let u be g(-9). Give y(u).
-4
Let r(f) = 33*f**2 + 47*f - 127. Let i(o) = -19*o**2 - 24*o + 67. Let p(m) = -7*i(m) - 4*r(m). What is p(17)?
-12
Suppose 0 = -g + 4*v + 16, 2*g - 5*g - 4*v + 96 = 0. Let l(o) = 4*o**2 - g - o**3 + 55 - 26 - 2*o. Give l(3).
4
Let q(r) = -r**3 - 5*r**2 - r + 4. Let s be q(-4). Let a(d) = -185*d + 10 - 174*d + 363*d. Give a(s).
-22
Let r be 4/(-2) - (-23)/((-46)/(-1508)). Let k(d) = -753*d**2 - 2 + 14 + r*d**2 + d. Give k(0).
12
Suppose 3*m - 4 - 2 = 0. Let c be (-52)/10 + (-1)/(-5). Let i = m + c. Let k(g) = -g**2 - 5*g + 4. Calculate k(i).
10
Let j(q) be the first derivative of -q**3/2 - 68*q + 6. Let b(g) be the first derivative of j(g). Determine b(-5).
15
Let h(w) be the second derivative of -w**5/20 + 5*w**4/6 - 7*w**3/2 + 53*w**2 - 11728*w. Determine h(9).
-2
Let f = -7 + 26. Let y(w) = w - 5. Let p be y(f). Let h(j) = -j**2 + 16 - p + 4*j - 5*j. Give h(2).
-4
Let h(x) be the first derivative of -x**3/3 - 4*x**2 + 20*x + 450. What is h(-9)?
11
Let z(b) be the first derivative of -1/4*b**4 + 9 - 2*b**3 + 9/2*b**2 - 2*b. What is z(-7)?
-16
Let m(s) = s**2 + 6*s + 1. Let w be (57/9)/((-3)/(-9)). Let g = w + -18. Suppose g = -3*d - a - 13, -a + 22 = -3*d. Give m(d).
1
Let a(l) = l**3 - 7*l**2 + 7*l. Let q(g) = g**3 - 7*g**2 + 7*g - 1. Let x(y) = 3*a(y) - 4*q(y). Let u = 1141 - 1135. Determine x(u).
-2
Let r = -20 - -21. Suppose 0 = 2*o + 4*i - 6, -5 = -o - 4*i + i. Let u = o + r. Let n(t) = t + 5. Determine n(u).
5
Suppose -4*r - 5*s + 16 = 0, 0 = -4*r - 3*s - 0*s + 24. Suppose 3*k + 24 = r. Let v(b) = -b**2 - b + 7. Determine v(k).
-13
Let d(l) = -4*l + 2 - 2 + 1. Let o be d(-1). Let z(s) = 1759 + 1687 - 3452 + 3*s. Give z(o).
9
Let c(h) = -23*h**2 + 2*h - 4. Let w(o) = -2*o**2 + o + 1. Let v(z) = c(z) - 3*w(z). Let f(a) = -3*a**2 - 1. Let l(t) = -6*f(t) + v(t). Determine l(3).
5
Let z(j) = 7*j**3 - j**2 - 7*j - 27. Let w(c) = 12*c**3 - 13*c - 55. Let k(o) = -3*w(o) + 5*z(o). What is k(-5)?
10
Let f(c) be the third derivative of -c**5/60 - 3*c**4/8 + 2*c**3 - 17*c**2 + 1. Let m(j) = -1 + 4*j - 2 - 3*j. Let h be m(-6). Calculate f(h).
12
Let c be 417 + -417 + -1 + 4/3. Let g(w) be the first derivative of 0*w**2 - 4*w - c*w**3 - 17. Give g(-3).
-13
Let n(q) = 54*q**2 - 57*q + 31*q + 26*q - 50*q**2 - 2 + q**3. Determine n(-2).
6
Let y be -4 + -5 + (-50)/(-15)*9/(-6). Let d(r) = r**3 + 15*r**2 + 10*r - 49. What is d(y)?
7
Let t(m) = m**2 + 20*m + 78. Let v = 5404 + -5419. Give t(v).
3
Let w be (4/10)/(526/(-9205)). Let d(v) = v**3 + 13*v**2 + 43*v + 9. Give d(w).
2
Let a(x) = -x**2 - 8*x - 1. Let r be a(-6). Let t(g) = g + 2*g + 5 - r*g + 4*g. Determine t(4).
-11
Let g(i) = i**3 - 19*i**2 + 3. Let d be g(19). Suppose 0 = -d*b - 4*b + 63. Let r(w) = -2 - b*w - w**2 + 2*w**2 + 10*w + 6*w. Determine r(-5).
-12
Let f(n) = -6*n + 1. Let z be f(1). Let r(i) = 2*i - i**3 - 11 - 726*i**2 + 722*i**2 + 4*i + 5 - 2*i. Give r(z).
-1
Let l(q) = 73*q + 874. Suppose 98*a = 102*a + j + 40, 0 = -a + 4*j - 44. Determine l(a).
-2
Let f(j) = j**2 + 3*j. Let c(z) = 130*z**2 + 5*z**3 - 62*z**2 - 12*z - 67*z**2 - 4 - 4*z**3. Let k(l) = -c(l) - 2*f(l). Let i = -8 + 4. Give k(i).
-4
Let m(p) be the third derivative of p**5/30 - 5*p**4/8 + 9*p**3 + 662*p**2 + 2*p + 2. Determine m(5).
29
Let a(b) = 24*b**2 - 8*b + 21. Suppose -1047 = 3*y + 2*m - 1049, 4*y - 18 = 5*m. Calculate a(y).
101
Let j(y) be the first derivative of 2*y**2 + 27*y + 1133. What is j(-17)?
-41
Suppose 31*z - 26 = 7*z + 11*z. Let c(r) = r**2 - 10*r + 4. Determine c(z).
-12
Let h(l) be the first derivative of -l**3/3 - l + 183. Let z(j) = j**2 + 5*j - 2. Let b(a) = -2*h(a) + z(a). Determine b(-4).
28
Let y(f) = -2*f**2 + 5*f. Let m be 2/3*(-18)/4. Let q(g) = 2*g**2 - 6*g + 1. Let k(l) = m*y(l) - 2*q(l). Suppose 58*n + 284 - 458 = 0. Calculate k(n).
7
Let i = 773 - 780. Let o be i/(42/6) + 7. Let a(u) = -u**2 + 10*u - 16. Calculate a(o).
8
Let t(m) be the third derivative of 0 + 1/3*m**3 - 1/8*m**4 + 5*m**2 - 4*m. Give t(-6).
20
Let o(h) = 2*h - 8. Let x be (-2)/36*-9*12. Let v be (185/15 - 2/x) + -1. What is o(v)?
14
Suppose -5*t - 140 = 2*t. Let r be 12/(-15) - 16/t. Let v(d) = -d - 8. What is v(r)?
-8
Let u(s) = 3*s**3 - 24*s**2 - 28*s + 22. Let w = 10268 - 10259. Determine u(w).
13
Let q = 14 - 20. Let m(i) = -139*i - 39. Let h(k) = -31*k - 10. Let o(d) = 9*h(d) - 2*m(d). Calculate o(q).
-6
Let j(s) = -s + 6. Suppose -3*n + 773 = -4*k, -5*k + 12*n = 8*n + 967. Let h = -185 - k. Determine j(h).
0
Let d be (-1)/(2/6)*2. Let q(c) be the first derivative of 1/2*c**2 + 99 + 4*c. Calculate q(d).
-2
Let b(d) = 3 - 2 + 0 - 2*d. Let u(q) = 4*q**3 - 56*q**2 + 85*q + 134. Let r be u(12). Determine b(r).
-3
Let y(z) be the second derivative of -z**4/6 + z**2 - 27*z. Suppose 75*f = -34*f + 218. Determine y(f).
-6
Suppose 0 = -56*d + 51*d + 10, 5*d - 6 = 2*y. Let w(f) = 6*f - 13. Give w(y).
-1
Let f(t) = t + 5. Suppose -7*h + 582 = -1518. Let g = -296 + h. What is f(g)?
9
Let j(l) be the third derivative of 7*l**4/24 - 10*l**2. Suppose o + 3*k = 17 - 15, -5*o - 4 = k. Calculate j(o).
-7
Suppose 0 = 2*i + 5*b - 8, -2*i - 43 = -7*i - b. Let l(m) = -74426*m - 74448*m + 148891*m - 2*m**2 + 5 + 9. Calculate l(i).
5
Let p be (1/(-2))/(1/18). Let s(q) = 31*q**2 + 219*q + 43. Let a(v) = 12*v**2 + 85*v + 17. Let r(g) = -13*a(g) + 5*s(g). Calculate r(p).
3
Let g(f) be the second derivative of 7 - 5*f - f**2 + 1/6*f**3. Calculate g(6).
4
Suppose 8*n - 4*n - 464 = 0. Suppose 27 = -n*p + 113*p. Let q(o) = -o - 13. Determine q(p).
-4
Let v(g) = -g**2 + 0*g**2 + 4301904*g**3 - 4301903*g**3 - 3*g**2. Determine v(6).
72
Suppose 47*a - 36*a = -47*a + 464. Let g(q) = 3*q**3 - 23*q**2 - 7*q + 4. What is g(a)?
12
Let v = -56 - -72. Suppose v = 2*p + 12. Let l(b) = -2*b + b**2 + 1 - 3*b**p + b - 3*b. Give l(-3).
-5
Let z(y) = -y**2 - 1 - y + 0*y + y**3 - 2. Suppose 0 = -11*h + 14*h - 186. Let w = 62 - h. Calculate z(w).
-3
Let s(w) = -3*w**2 + 7*w. Let j(d) = -4*d**2 + 9*d + 1. Let r(u) = -u**3 + 17*u**2 - 17*u + 20. Let m be r(16). Let b(y) = m*j(y) - 5*s(y). Calculate b(4).
-8
Let r(p) be the second derivative of p**5/20 - 7*p**4/12 + 3*p**3/2 - 4*p**2 - 17*p. Let t = 391